 197 is divided by 78.
41
What is the remainder when 7240 is divided by 71?
69
Calculate the remainder when 262 is divided by 126.
10
What is the remainder when 111 is divided by 38?
35
Calculate the remainder when 163 is divided by 85.
78
Calculate the remainder when 773 is divided by 120.
53
Calculate the remainder when 132 is divided by 78.
54
Calculate the remainder when 109 is divided by 7.
4
What is the remainder when 47 is divided by 32?
15
Calculate the remainder when 3329 is divided by 53.
43
What is the remainder when 741 is divided by 25?
16
What is the remainder when 2054 is divided by 42?
38
Calculate the remainder when 28591 is divided by 58.
55
What is the remainder when 43 is divided by 23?
20
What is the remainder when 169 is divided by 25?
19
Calculate the remainder when 82 is divided by 52.
30
Calculate the remainder when 228 is divided by 56.
4
Calculate the remainder when 474 is divided by 158.
0
Calculate the remainder when 3639 is divided by 8.
7
Calculate the remainder when 158 is divided by 23.
20
What is the remainder when 350 is divided by 9?
8
Calculate the remainder when 11518 is divided by 12.
10
What is the remainder when 177 is divided by 12?
9
Calculate the remainder when 1485 is divided by 100.
85
Calculate the remainder when 65075 is divided by 29.
28
Calculate the remainder when 87 is divided by 3.
0
What is the remainder when 1525 is divided by 383?
376
Calculate the remainder when 167 is divided by 53.
8
What is the remainder when 1145 is divided by 225?
20
Calculate the remainder when 263 is divided by 110.
43
What is the remainder when 55 is divided by 6?
1
Calculate the remainder when 121 is divided by 12.
1
Calculate the remainder when 1592 is divided by 50.
42
What is the remainder when 217 is divided by 19?
8
Calculate the remainder when 1216 is divided by 203.
201
What is the remainder when 365 is divided by 156?
53
Calculate the remainder when 201 is divided by 29.
27
Calculate the remainder when 63 is divided by 16.
15
What is the remainder when 962 is divided by 306?
44
Calculate the remainder when 8 is divided by 3.
2
Calculate the remainder when 789 is divided by 191.
25
Calculate the remainder when 217 is divided by 55.
52
Calculate the remainder when 94 is divided by 80.
14
What is the remainder when 10358 is divided by 10?
8
Calculate the remainder when 277 is divided by 23.
1
What is the remainder when 421 is divided by 87?
73
Calculate the remainder when 6385 is divided by 18.
13
What is the remainder when 10216 is divided by 34?
16
Calculate the remainder when 2811 is divided by 76.
75
What is the remainder when 90 is divided by 72?
18
Calculate the remainder when 5214 is divided by 5.
4
What is the remainder when 1987 is divided by 141?
13
What is the remainder when 3151 is divided by 13?
5
What is the remainder when 313 is divided by 160?
153
What is the remainder when 909 is divided by 905?
4
Calculate the remainder when 864 is divided by 22.
6
What is the remainder when 1980 is divided by 180?
0
What is the remainder when 208 is divided by 78?
52
What is the remainder when 11465 is divided by 14?
13
Calculate the remainder when 125 is divided by 52.
21
What is the remainder when 2964 is divided by 494?
0
What is the remainder when 232 is divided by 13?
11
Calculate the remainder when 65 is divided by 43.
22
Calculate the remainder when 5944 is divided by 66.
4
What is the remainder when 1273 is divided by 85?
83
What is the remainder when 573 is divided by 38?
3
What is the remainder when 1971 is divided by 29?
28
Calculate the remainder when 987 is divided by 44.
19
Calculate the remainder when 240 is divided by 11.
9
What is the remainder when 378 is divided by 255?
123
Calculate the remainder when 204 is divided by 39.
9
What is the remainder when 4452 is divided by 887?
17
What is the remainder when 154 is divided by 74?
6
What is the remainder when 868 is divided by 8?
4
What is the remainder when 157 is divided by 26?
1
What is the remainder when 191 is divided by 64?
63
What is the remainder when 1092 is divided by 14?
0
Calculate the remainder when 2146 is divided by 10.
6
Calculate the remainder when 413 is divided by 109.
86
What is the remainder when 281 is divided by 87?
20
Calculate the remainder when 24 is divided by 10.
4
Calculate the remainder when 1500 is divided by 42.
30
Calculate the remainder when 401 is divided by 61.
35
Calculate the remainder when 257 is divided by 5.
2
What is the remainder when 201 is divided by 19?
11
Calculate the remainder when 30359 is divided by 22.
21
Calculate the remainder when 515 is divided by 29.
22
Calculate the remainder when 2089 is divided by 25.
14
Calculate the remainder when 153 is divided by 33.
21
Calculate the remainder when 6253 is divided by 34.
31
Calculate the remainder when 91 is divided by 12.
7
What is the remainder when 355 is divided by 91?
82
What is the remainder when 683 is divided by 330?
23
Calculate the remainder when 3523 is divided by 36.
31
Calculate the remainder when 685 is divided by 162.
37
What is the remainder when 191 is divided by 64?
63
Calculate the remainder when 49 is divided by 26.
23
What is the remainder when 48 is divided by 32?
16
What is the remainder when 82 is divided by 20?
2
What is the remainder when 1424 is divided by 261?
119
Calculate the remainder when 5504 is divided by 1830.
14
Calculate the remainder when 3825 is divided by 116.
113
What is the remainder when 2210 is divided by 18?
14
What is the remainder when 344 is divided by 22?
14
What is the remainder when 12126 is divided by 13?
10
What is the remainder when 53 is divided by 11?
9
What is the remainder when 133 is divided by 14?
7
Calculate the remainder when 23759 is divided by 108.
107
What is the remainder when 57 is divided by 20?
17
Calculate the remainder when 342 is divided by 16.
6
What is the remainder when 36 is divided by 36?
0
Calculate the remainder when 146 is divided by 7.
6
Calculate the remainder when 151 is divided by 9.
7
What is the remainder when 330 is divided by 57?
45
Calculate the remainder when 423 is divided by 76.
43
Calculate the remainder when 1822 is divided by 41.
18
Calculate the remainder when 745 is divided by 61.
13
Calculate the remainder when 138 is divided by 42.
12
What is the remainder when 2235 is divided by 43?
42
What is the remainder when 280 is divided by 71?
67
What is the remainder when 2011 is divided by 96?
91
What is the remainder when 2006 is divided by 1003?
0
Calculate the remainder when 217 is divided by 44.
41
What is the remainder when 2119 is divided by 164?
151
Calculate the remainder when 169 is divided by 38.
17
What is the remainder when 1553 is divided by 42?
41
What is the remainder when 1425 is divided by 73?
38
What is the remainder when 149 is divided by 38?
35
Calculate the remainder when 403 is divided by 127.
22
Calculate the remainder when 5519 is divided by 48.
47
What is the remainder when 186 is divided by 12?
6
Calculate the remainder when 5894 is divided by 2.
0
Calculate the remainder when 74 is divided by 27.
20
What is the remainder when 227 is divided by 39?
32
What is the remainder when 1343 is divided by 66?
23
Calculate the remainder when 34 is divided by 5.
4
What is the remainder when 1593 is divided by 161?
144
Calculate the remainder when 13 is divided by 3.
1
What is the remainder when 2137 is divided by 355?
7
Calculate the remainder when 1035 is divided by 95.
85
Calculate the remainder when 28 is divided by 24.
4
Calculate the remainder when 139 is divided by 47.
45
Calculate the remainder when 405 is divided by 59.
51
Calculate the remainder when 2498 is divided by 61.
58
Calculate the remainder when 289 is divided by 77.
58
Calculate the remainder when 306 is divided by 14.
12
What is the remainder when 4969 is divided by 292?
5
What is the remainder when 120 is divided by 33?
21
What is the remainder when 1627 is divided by 74?
73
Calculate the remainder when 192 is divided by 56.
24
What is the remainder when 261 is divided by 18?
9
What is the remainder when 3153 is divided by 38?
37
Calculate the remainder when 463 is divided by 31.
29
Calculate the remainder when 213 is divided by 109.
104
Calculate the remainder wh